late r(4).
-32
Let w(h) = -32*h - 23. Calculate w(-3).
73
Let v(o) = 5*o**3 + 2*o**2 + o - 1. What is v(-1)?
-5
Let m(s) = s**3 - 47*s**2 + 44*s + 94. Determine m(46).
2
Let m(s) = 3*s**2 - 3*s - 10. Give m(5).
50
Let p(i) = 37*i - 109. Determine p(4).
39
Let h(a) = -60*a**3 + a**2. Give h(-1).
61
Let t(v) = v - 8. Give t(0).
-8
Let b(x) = x**2 - x - 207. Give b(15).
3
Let r(l) = -l**3 + 5*l**2 - 15*l + 24. Give r(4).
-20
Let z(d) = d - 15. Give z(5).
-10
Let h(y) = -y**3 - 3*y**2 + 6*y + 4. Give h(-5).
24
Let i(s) = -s**2 - 12*s - 32. Determine i(-3).
-5
Let k(c) = -c**3 - 12*c**2 - 29*c - 2. What is k(-9)?
16
Let g(c) = 6*c**2 - 7*c - 7. Calculate g(-2).
31
Let b(l) = -l**3 + 5*l**2 - 5*l - 3. Calculate b(6).
-69
Let b(m) = m**3 - 3*m**2 + m - 9. What is b(3)?
-6
Let g(a) = a**2 - 40*a - 227. What is g(45)?
-2
Let j(z) = -z**2 + 4*z + 17. Calculate j(6).
5
Let b(l) = -2*l + 4. Give b(0).
4
Let a(p) = 7*p - 74. Give a(10).
-4
Let s(v) = -v**3 - 16*v**2 - 14*v - 1. Determine s(-15).
-16
Let w(z) = -z**2 - 12. Calculate w(0).
-12
Let d(w) = -5*w**2 + 2*w - 2. Determine d(1).
-5
Let a(r) = 4*r**2 - 6*r - 4. Give a(3).
14
Let n(b) = 4*b - 3. What is n(5)?
17
Let f(h) = h**3 + 2*h**2 - 8*h + 13. Give f(-4).
13
Let t(v) = 19*v - 415. Give t(22).
3
Let u(t) = -4*t**3 - 3*t**2 + t - 5. What is u(-2)?
13
Let z(j) = j**3 - 6*j**2 + 2*j + 1. Determine z(6).
13
Let u(t) = 72*t + 722. Determine u(-10).
2
Let o(n) = 16*n**3 - n**2 - n + 1. What is o(-1)?
-15
Let m(j) = 11*j**3 - 341*j**2 - j + 29. Give m(31).
-2
Let m(v) = -2*v**2 + 5*v + 11. What is m(5)?
-14
Let j(t) = 21*t + 11. What is j(-2)?
-31
Let q(i) = 2*i**2 + 15*i + 25. Calculate q(-7).
18
Let v(w) = -w**3 + 7*w**2 - 4*w + 2. Give v(8).
-94
Let o(n) = n**2 - 4*n - 20. Calculate o(-3).
1
Let k(t) = 9*t**2 + 30*t - 4. Determine k(-3).
-13
Let a(w) = w**3 + w**2 - 7*w - 13. What is a(-3)?
-10
Let o(v) = -v**3 + 31*v**2 + 2*v - 22. Calculate o(31).
40
Let s(r) = 19*r - 23. Give s(1).
-4
Let x(j) = -3*j**2 + 104*j - 266. Calculate x(32).
-10
Let k(i) = -9*i - 1. Determine k(-1).
8
Let m(c) = -15*c**3 - c**2 - c + 1. What is m(1)?
-16
Let s(r) = -r**3 - 4*r**2 + 10*r + 27. What is s(-2)?
-1
Let y(f) = 2*f**2 + 8*f - 238. What is y(-13)?
-4
Let v(z) = 11*z**2 - 10. Calculate v(-4).
166
Let j(d) = 2*d**3 - 26*d**2 - d. Give j(13).
-13
Let i(v) = -14*v - 39. Give i(-2).
-11
Let t(a) = a + 4. What is t(-14)?
-10
Let v(d) = 6*d**3 - 281*d**2 - 48*d + 43. Calculate v(47).
-4
Let v(m) = m**3 + 22*m**2 - m + 24. Determine v(-22).
46
Let d(j) = 6*j**2 + 2*j - 1. What is d(2)?
27
Let c(w) = 8*w + 10. Calculate c(-2).
-6
Let t(f) = 46*f**2 + 4*f + 4. Give t(-1).
46
Let p(m) = m**3 - 8*m**2 - 2*m - 5. Give p(8).
-21
Let v(j) = j**3 - 3*j**2 - 15*j + 39. Give v(5).
14
Let f(v) = -v**2 - 24*v - 43. Calculate f(-22).
1
Let i(l) = -l**3 - 16*l**2 - 1. Calculate i(-16).
-1
Let y(g) = 36*g - 105. What is y(3)?
3
Let o(n) = n**3 - 13*n**2 + 12*n + 11. Calculate o(12).
11
Let g(k) = k**3 + 12*k**2 - 16*k - 10. Determine g(-13).
29
Let k(f) = f**3 + 24*f**2 + 18*f - 121. Determine k(-23).
-6
Let d(f) = -f**3 + 6*f**2 - 8*f + 7. Give d(3).
10
Let k(p) = -4*p + 7. What is k(3)?
-5
Let a(s) = s**3 - s**2 - 2*s - 6. Give a(3).
6
Let t(n) = -8*n + 27. Determine t(22).
-149
Let n(y) = -32*y - 48. Calculate n(-2).
16
Let z(a) = a**2 + 14*a - 45. Determine z(-17).
6
Let n(v) = 12*v + 157. What is n(-12)?
13
Let z(o) = -o**3 + o + 3. Calculate z(0).
3
Let j(o) = -4*o**2 - 20*o - 25. Determine j(-4).
-9
Let k(h) = -h**2 - 31*h - 225. Give k(-12).
3
Let k(w) = -4*w**2 - 16*w - 72. Calculate k(-6).
-120
Let r(t) = -t**2 + 2*t + 2. What is r(0)?
2
Let b(o) = 2*o + 1. Give b(-1).
-1
Let l(p) = 6*p**3 + p**2. Give l(1).
7
Let f(u) = u**2 + 4*u + 1. Give f(0).
1
Let t(q) = -4*q - 11. Give t(-5).
9
Let x(m) = m + 1. Give x(-3).
-2
Let o(f) = -2*f**2 - f + 9. Determine o(0).
9
Let b(h) = 2*h - 6. Give b(7).
8
Let r(b) = b**3 + 4*b**2 + 5*b + 11. Calculate r(-4).
-9
Let c(z) = -3*z - 23. What is c(-10)?
7
Let c(s) = -s**2 - 2*s + 5. Determine c(-7).
-30
Let g(i) = 24*i + 123. Determine g(-5).
3
Let y(n) = -n**3 - 4*n**2 + 6*n + 4. Give y(-5).
-1
Let q(g) = g**3 + 11*g**2 + 9*g - 2. Calculate q(-10).
8
Let j(f) = -f**3 - 6*f**2 + 5*f + 6. Give j(-4).
-46
Let j(b) = 2*b**2 - 11*b - 18. What is j(7)?
3
Let y(l) = l**3 - 6*l**2 - 2*l + 14. Determine y(6).
2
Let z(o) = -o**2 + 4*o + 38. What is z(9)?
-7
Let n(t) = -3*t - 2. Calculate n(-5).
13
Let a(x) = -50*x - 252. Give a(-5).
-2
Let l(g) = g**3 + 15*g**2 - 21*g - 66. Give l(-16).
14
Let q(x) = -x**3 - 5*x**2 - 3*x + 12. Determine q(-4).
8
Let c(k) = -k**3 - 8*k**2 - 5*k + 6. Give c(-7).
-8
Let n(g) = -5*g**3 - g**2 + g - 1. Give n(-2).
33
Let m(y) = 8*y + 4. What is m(1)?
12
Let z(q) = -q**2 + 7*q - 14. What is z(6)?
-8
Let i(p) = -p**2 + 9*p - 4. Give i(5).
16
Let y(h) = h**2 - 4*h - 6. Calculate y(7).
15
Let a(q) = 5*q**3 - 3*q**2 - 5. Give a(-2).
-57
Let o(w) = 5*w - 18. Calculate o(-15).
-93
Let c(v) = 3*v**2 + 3*v + 2. Determine c(-3).
20
Let o(g) = -g + 9. Calculate o(28).
-19
Let q(g) = g**2 + 5*g + 6. Determine q(-3).
0
Let k(c) = c**2 + 15*c + 6. Calculate k(-13).
-20
Let z(b) = 4*b + 6. Give z(-5).
-14
Let y(f) = 16*f + 18. Calculate y(-7).
-94
Let v(l) = l**2 - 6*l - 7. What is v(6)?
-7
Let s(n) = -n**3 - 7*n**2 - 5*n - 2. Give s(-4).
-30
Let i(j) = -j**3 + 28*j**2 + 5. What is i(28)?
5
Let s(x) = 24*x**2 - 2. What is s(1)?
22
Let h(g) = -3*g**2 + 53*g + 38. Calculate h(18).
20
Let o(z) = 4*z**2 - 34*z + 7. Determine o(8).
-9
Let j(b) = -b**3 + 9*b**2 - 3*b - 4. Calculate j(8).
36
Let a(u) = u**3 + 13*u**2 + 15*u + 7. Calculate a(-12).
-29
Let d(g) = -4*g + 8. Give d(8).
-24
Let g(c) = -c**2 + 2*c - 1. Give g(1).
0
Let f(p) = -p**2 + 2*p + 8. What is f(6)?
-16
Let w(v) = -10*v**3 - v - 1. What is w(-1)?
10
Let m(o) = -6*o - 4. Calculate m(-11).
62
Let g(k) = -21*k - 11. Calculate g(-4).
73
Let y(j) = 3*j**2 - j - 9. Give y(0).
-9
Let x(c) = -3*c**3 - 10*c**2 + 7*c + 8. Determine x(-5).
98
Let v(o) = -35*o - 239. Determine v(-7).
6
Let h(i) = -5*i**2 - 4*i - 2. Give h(-1).
-3
Let b(f) = 171*f**2 - f + 2. What is b(1)?
172
Let j(r) = 3*r + 4. What is j(-1)?
1
Let y(k) = k**2 - 38*k - 51. Give y(39).
-12
Let q(m) = -m**3 - 6*m**2 + 2*m. What is q(-6)?
-12
Let u(l) = -l**3 + 10*l**2 + 16*l + 24. Determine u(10).
184
Let y(m) = -m - 16. What is y(-3)?
-13
Let c(a) = -12*a + 25. Calculate c(3).
-11
Let n(p) = p**3 - 6*p**2 + p - 2. Calculate n(4).
-30
Let c(k) = 22*k + 34. Determine c(-7).
-120
Let x(k) = -k**3 - 15*k**2 - 12*k + 31. Give x(-14).
3
Let a(k) = k**3 + 12*k**2 + 25*k - 17. Determine a(-9).
1
Let c(k) = k + 5. Give c(-1).
4
Let o(i) = -8*i + 4. Give o(7).
-52
Let i(m) = -m**2 - 12*m + 1. Give i(-10).
21
Let i(y) = -y - 1. Calculate i(-6).
5
Let u(i) = -i**3 + 6*i**2 + 3*i - 19. Determine u(6).
-1
Let k(s) = 71*s - 785. Calculate k(11).
-4
Let g(u) = -u**3 - 3*u**2 + 7. Give g(-3).
7
Let w(m) = -m**3 - 3*m**2 - 2*m. What is w(-3)?
6
Let w(t) = t**2 - 11*t - 13. Determine w(12).
-1
Let l(z) = -30*z**2 - 4*z + 4. Determine l(1).
-30
Let z(r) = r**2 + 17*r + 70. Determine z(-6).
4
Let c(l) = 16*l + 53. Determine c(0).
53
Let s(d) = -d**3 + 46*d**2 + 95*d + 44. Determine s(48).
-4
Let l(o) = 2*o**2 + 13*o - 27. Determine l(-8).
-3
Let h(b) = -b**2 - 3*b + 2. What is h(-6)?
-16
Let d(c) = -c**2 - 11*c - 15. Determine d(-7).
13
Let o(q) = q**2 - 13*q + 15. What is o(12)?
3
Let d(j) = j**2 - 3*j - 10. Calculate d(4).
-6
Let p(q) = q**3 + 7*q**2 + 5*q. Give p(-6).
6
Let i(p) = -13*p + 7. Determine i(7).
-84
Let q(y) = -y**3 - 5*y**2 - y + 7. Determine q(-2).
-3
Let j(w) = 2*w - 23. Determine j(-3).
-29
Let d(k) = -10*k**3 - k. Determine d(1).
-11
Let k(m) = -m**3 + 6*m - 3. Give k(2).
1
Let z(g) = -g**3 + 15*g**2 - 26*g + 1. Give z(13).
1
Let k(y) = -y**3 + 3*y**2 + 4*y - 2. Calculate k(5).
-32
Let h(m) = -2*m - 16. Give h(-9).
2
Let m(s) = -s**3 + s - 1. Determine m(2).
-7
Let n(f) = f**3 - 2*f - 5. What is n(0)?
-5
Let n(h) = -h**3 + 2*h**2 + h + 7. What is n(4)?
-21
Let k(t) = 8*t + 2. Determine k(1).
10
Let t(o) = -25*o + 51. What is t(8)?
-149
Let b(g) = -2*g**2 + 5*g - 4. What is b(2)?
-2
Let l(n) = n - 1. Give l(-2).
-3
Let i(v) = v**3 - 10*v**2 - 24*v + 4. Give i(12).
4
